 g is divided by a.
17
Let c = -39 + 4. Suppose 0 = 3*h + 2*h - 245. Calculate the remainder when h is divided by (3 - c - 4)/(3 - 1).
15
Let g(n) = 3*n**2 + 10*n - 8. Let u(j) = 3*j**2 - j + 1. What is the remainder when g(1) is divided by u(1)?
2
Suppose 2*u = 8*u + 12. Let l(o) = o**2 + o + 68. Let h be l(0). What is the remainder when 63 is divided by -1 - u/(8/h)?
15
Let u(s) = 13*s + 5. Let g be u(11). Let p = 278 - g. What is the remainder when p is divided by 19?
16
Suppose 3*y = 4*g + 17, -4*y - g + 0*g = -48. Suppose 0 = -t + 1, v = 6*v + t - 381. Calculate the remainder when v is divided by y.
10
Suppose -9 - 23 = -4*a. Let o be a/(-6) + (-2)/3. Let t = o + 5. Calculate the remainder when 6 is divided by t.
0
Suppose -3*h + 12 = 3*g, -2*g + 1 = 4*h - 9. Calculate the remainder when g - ((-10)/5)/1 is divided by 2.
1
What is the remainder when 156 is divided by (244/(-610))/((-4)/750)?
6
Let x(r) = r**2 - 13*r - 22. Let l be x(14). Let h(q) = q**2 + 7*q + 2. Calculate the remainder when 38 is divided by h(l).
8
Suppose -3*t = -3*z - 141, 2*t + z - 2 - 83 = 0. What is the remainder when t is divided by ((-12)/2)/(1/(-2))?
8
Suppose -2*h - 5*a + 118 = 0, -4*h - h + 295 = -2*a. Let r be (-2)/10 + h/(-5). Let s(n) = -4*n + 4. Calculate the remainder when s(r) is divided by 14.
10
Let n(r) = 75*r - 3. Calculate the remainder when n(2) is divided by (-2 + 1)*(-2 + 0) - -35.
36
Suppose -p = 4*l - 168, 2*p - 6*l = -l + 297. What is the remainder when p is divided by 15?
6
Let c(k) = 93*k + 49. Calculate the remainder when 551 is divided by c(1).
125
Let b(u) = u**2 - 13*u + 35. Calculate the remainder when b(-15) is divided by 12.
11
Let x(l) = l**2 + 6*l - 4. Let g be x(-8). Suppose 4*a - 2*d - g - 32 = 0, -2*a - 3*d + 14 = 0. What is the remainder when 48 is divided by a?
8
Suppose i - 2629 = -653. Suppose -10*s - i = -29*s. What is the remainder when s is divided by 18?
14
Suppose 2 = -2*p - 2. Let o(k) = -4*k - 2. Suppose -2*f + 25 - 7 = 0. What is the remainder when f is divided by o(p)?
3
Let i = 97 - 46. Let v = -27 + i. What is the remainder when v is divided by 5?
4
Let h = -15 - -75. Calculate the remainder when h is divided by 24.
12
Suppose -32*v - 70 = -30*v. Calculate the remainder when 25 is divided by 208/14 + (-5)/v.
10
Suppose -f = -12*q + 8*q + 3108, 0 = -3*q - 3*f + 2331. Calculate the remainder when q is divided by 12.
9
Let p(t) = -t**2 + 11*t + 12. Let i(j) = j**3 + 4*j**2 + 2*j + 5. Calculate the remainder when p(10) is divided by i(-3).
6
Let t = -585 - -599. Calculate the remainder when 64 is divided by t.
8
Let q = 302 + -122. Suppose -5*y + q = -y. Suppose 4*g - 61 = -13. Calculate the remainder when y is divided by g.
9
Suppose -22 = -3*t + 2*p + 31, -63 = -4*t - 5*p. Calculate the remainder when 117 is divided by t.
15
Let h(z) = -z**2 - 69*z + 177. What is the remainder when h(-16) is divided by 18?
17
Let i = 0 + -5. Let r(v) = -15*v**2 + 8*v + 10. Calculate the remainder when (-4)/(-10) - 183/i is divided by r(0).
7
Let s = -1885 + 2068. What is the remainder when s is divided by 87?
9
Let f(l) = l**3 - 37*l**2 + 37*l - 20. Suppose 2*v = 74 + 10. What is the remainder when v is divided by f(36)?
10
Let i be ((-42)/4)/(1/2). Let p = 42 + i. Suppose -j + p - 4 = 0. What is the remainder when 67 is divided by j?
16
Suppose -7*f = -460 + 75. What is the remainder when f is divided by 38?
17
Let y(m) = 2*m**2 - 4*m - 15. Calculate the remainder when y(7) is divided by 1/(-5) - 284/(-20).
13
Suppose u + 3*o - 4 + 11 = 0, 2*o = -10. What is the remainder when -111*(-3 + 24/9) is divided by u?
5
Suppose 4*l = -2*s - 2*s - 40, 3*s = 5*l + 50. Let u be -1 + 23 - (-25)/5. Let q = u + l. What is the remainder when q is divided by 9?
8
Let x(j) = 0*j**3 - 24 + 173*j - 7*j**2 - 171*j - j**3. Calculate the remainder when x(-8) is divided by 9.
6
Let i = -90 - -122. Calculate the remainder when i is divided by 7.
4
Let p = 7874 + -7856. Let w(q) = -q**3 + 7*q**2 + 5*q - 7. Calculate the remainder when w(6) is divided by p.
5
Suppose -117*l + 122*l - 8510 = 0. What is the remainder when l is divided by 31?
28
Let g = 112 - 19. Calculate the remainder when g is divided by (11/(-33))/(1/(-57)).
17
Let l(i) = -i**3 + 7*i**2 - 5*i + 1. Suppose -15*z + 88 = -7*z. What is the remainder when z is divided by l(6)?
4
Let s = -564 + 568. Calculate the remainder when 86 is divided by s.
2
Suppose 3*p + 2*s - 170 = -2*s, -236 = -4*p + 4*s. Calculate the remainder when 262 is divided by p.
30
Let r be (2/(-4) - 2)*-2. Suppose 29 = t - r*x, x + 4 = -1. Suppose 0 = 2*v - t*v + 38. Calculate the remainder when 35 is divided by v.
16
Let n be -2 - 5*(1 - 2). Let g(p) = 17*p - 5. What is the remainder when 134 is divided by g(n)?
42
Let y(g) = 8*g + 2. Let j be y(1). Let f(p) = 4*p + 9. What is the remainder when f(7) is divided by j/35 + (-131)/(-7)?
18
Let v(i) = -24*i + 8. Calculate the remainder when v(-3) is divided by 9.
8
Suppose 2*q + 4*q + 240 = 0. Suppose 0 = -0*l + 2*l - 20. Calculate the remainder when q/(-100) + 366/10 is divided by l.
7
Let m = 0 - -5. Suppose -m*r + 45 = -95. What is the remainder when 328/6 + (-2)/3 is divided by r?
26
Let m = 95 + -65. Let a = -17 + m. Suppose 73 + a = 2*z + 4*c, c = 2*z - 111. Calculate the remainder when z is divided by 9.
8
Suppose 23*y - 7 = 22*y. Calculate the remainder when 68 is divided by y.
5
Let q(f) = -5*f - 8. What is the remainder when (118 - -77)*((-9)/(-9) + 3/(-5)) is divided by q(-6)?
12
Let d = 147 - 87. What is the remainder when d is divided by 51?
9
Let j be 9/6 - 3/(-2). Suppose -7 = j*h - 25. Calculate the remainder when 21 is divided by h.
3
Let x be -4 + (-7)/(28/(-16)). Suppose x = 5*n - 3*n + 12. Calculate the remainder when (-16)/(28/n - -4) is divided by 5.
4
Let w = -222 + 468. What is the remainder when w is divided by 19?
18
Let d(i) = -i**3 - 16*i**2 + 36*i + 25. Calculate the remainder when 199 is divided by d(-18).
24
Let k(j) = j**2 + j + 19. Let c be k(-9). Suppose -180 = -5*l - 5*w + w, -3*l + w = -c. What is the remainder when l is divided by 17?
15
Let v be ((-4)/(-3))/(4/(-6)). What is the remainder when 106 is divided by (1 - 19)/(1/v)?
34
Calculate the remainder when (-1)/(-1*(-8)/(-2992)) is divided by 21.
17
Let l = -75 + 96. Suppose -6*k = k - l. What is the remainder when 4 is divided by k?
1
Suppose -4*c + 351 = c + 4*p, -4*p - 319 = -5*c. Calculate the remainder when c is divided by 9.
4
Let y(p) = -p**2 - 1065*p - 1063*p + 2129*p - 3*p**3. Suppose j + 1 + 1 = 0. What is the remainder when y(j) is divided by 7?
4
Calculate the remainder when 181 is divided by (-88)/(-5) - ((-252)/(-45) - 5).
11
Suppose 2*q = 7 + 5. Suppose q*c = c + 80. Calculate the remainder when 1 is divided by (-34)/(-30) + c/(-120).
0
Suppose -5*z = -2*z + 9. Let p = -65 - -76. What is the remainder when -2*(z + p/(-2)) is divided by 5?
2
Let p = -2 - 25. Let t = p + 30. Calculate the remainder when 10 is divided by t.
1
Suppose -31*p + 64 + 153 = 0. Let o be -2*(-1 + 3/2). What is the remainder when (-10)/(-8)*(o + 21) is divided by p?
4
Let p be (14/(-3))/(24/(-36)). Suppose 5 + p = -2*a. Calculate the remainder when 67 is divided by a/39 - (-446)/26.
16
Let x = -233 - -1478. What is the remainder when x is divided by 24?
21
Let b(m) = m**3 - 3*m**2 - 6*m - 6. What is the remainder when 137 is divided by b(5)?
11
Suppose 0 = 5*f - 12 - 13. Suppose -866 = -f*k - 106. Calculate the remainder when k is divided by 39.
35
Let q(j) = -6*j + 45*j**2 + 4*j - 1 + 1 + 2. What is the remainder when 312 is divided by q(1)?
42
Let c be 5/(-10)*4/(-1). Let b(a) = -a**c - 4*a**3 + a + 0*a + 1 - 9*a**3. What is the remainder when b(-1) is divided by 7?
5
Let i be -1 + (-77)/(-28) - 2/(-8). What is the remainder when 45 is divided by 10*i*(-4)/(-5)?
13
Let t be (8/(-14))/((-12)/42). Suppose -s - t*s - 6 = 0. What is the remainder when 22 is divided by ((-6)/7)/(s/14)?
4
Let y be ((-6)/(-4))/(-1 - 939/(-930)). Suppose y = 17*p - 12*p. What is the remainder when p is divided by 17?
14
Suppose 3*a = -3*w - 27, 5*a + 11 + 2 = -w. Calculate the remainder when w/52 + (-860)/(-13) is divided by 34.
32
Suppose -4 = -3*j + 8, -4*j = 2*x - 20. What is the remainder when 22 is divided by (x + -